e m(-7). What is the remainder when 1*2*1060/40 is divided by d/18 + 1793/99?
17
Let j(u) = u**3 - 6*u**2 - 2*u - 28. Calculate the remainder when (16 - 1)*(7 + -4) is divided by j(7).
3
Suppose 194 = 5*v + 3*q, -10*v - 46 = -11*v - 3*q. Calculate the remainder when v is divided by 21.
16
Suppose 0 = o - 3*u + 10, 0*o - o - 11 = -4*u. Let z = -5 - o. Let i(r) = -r - 3. What is the remainder when i(-6) is divided by z?
1
Suppose 5*m = -19 - 6. Calculate the remainder when 10/25 - 23/m is divided by 2.
1
Let w = 12 - 7. Let c(p) = -3*p + 26. Let u be c(7). Suppose u*y - 9 = 2*g - 0*y, g - 12 = -3*y. Calculate the remainder when w is divided by g.
2
Let j = -10 - -76. Suppose 3*w + j = 2*r, 0 = -3*r - 3*w + 25 + 89. Suppose -5*h + 49 + r = 0. Calculate the remainder when 65 is divided by h.
14
Calculate the remainder when 5/((-15)/6) + (-300)/(-5) is divided by 10.
8
Let o(q) = q**2 - q. Let u(s) = s**3 - 14*s**2 + 26*s + 2. Let j(v) = -3*o(v) - u(v). Let l = -12 - -28. Calculate the remainder when l is divided by j(8).
4
Let j = -41 + 19. Let k be (j/33)/(2/(-207)). Let o = -14 + k. What is the remainder when o is divided by 19?
17
Let y = 137 + 222. Calculate the remainder when y is divided by 24.
23
Let g(f) = f**3 + 28*f**2 + 34*f - 26. Let v be g(-26). Suppose -17*r = -4*r - v. What is the remainder when r is divided by ((-12)/(-5))/(2/10)?
10
Let y(w) = w**3 - 3*w**2 - 10*w - 12. Let u be y(5). Let d(x) = -9*x - 52. Calculate the remainder when d(u) is divided by 19.
18
Suppose 0 = -6*x + x + 340. Let s be (3/2)/(12*3/120). Suppose -4*f - x = -6*f + s*l, 5*l + 140 = 5*f. What is the remainder when 71 is divided by f?
23
Suppose 0 = 9*z + 10 + 170. Let v = z - -45. Let a = 17 - 4. What is the remainder when v is divided by a?
12
Let a(k) = 3*k**3 - 12*k**2 + 9*k + 6. Suppose -w + 3*w - 88 = 0. Let d = -29 + w. What is the remainder when a(4) is divided by d?
12
Let i(g) = -g + 12. Let c be i(7). Suppose 16 = c*b - 9. What is the remainder when 22 is divided by b?
2
Let m be (-32)/(-56) + 0 - (-78)/(-14). Let k(f) = 2*f + 14. Calculate the remainder when k(m) is divided by 2.
0
Suppose 6*p - 15 = p. What is the remainder when 21 is divided by p/((-20)/32 - -1)?
5
Let l(f) = f**2 - 5*f - 43. Let q be 12*-2*2/(-12). Suppose -5*y + 312 + 8 = -5*d, 0 = q*y + 3*d - 263. What is the remainder when y is divided by l(-6)?
19
Let w(j) = -j**2 + 11*j - 12. Calculate the remainder when 73 is divided by w(7).
9
Calculate the remainder when (-1263)/(-21) - (-3)/(-21) is divided by (8 - 40)*2/(-4).
12
Let n = -12 + 59. Let t = 41 + -72. Let d = 43 + t. Calculate the remainder when n is divided by d.
11
Let j(d) = -d**3 - 4*d**2 + 4. Suppose 2*l - 74 = 5*q - 20, 58 = 3*l + 4*q. What is the remainder when l is divided by j(-4)?
2
Suppose -78*i + 38*i + 400 = 0. Suppose 0 = -5*k - 0 + 20. Calculate the remainder when i is divided by k.
2
Suppose 25*a - 2107 = -18*a. What is the remainder when 391 is divided by a?
48
Let b = 44 - 38. Let o(y) = 2*y**2 - 7*y + 13. Calculate the remainder when o(b) is divided by 15.
13
Let m be (-6)/9*(-193 + -5). Suppose 0*y - 272 = -4*r + 4*y, -m = -2*r + y. Calculate the remainder when 39 is divided by 1/(-3) + r/3.
18
Let f = 184 - 100. Calculate the remainder when f is divided by 44.
40
Suppose l + 15 = -9. Let i = -14 - l. Calculate the remainder when 88 is divided by i.
8
Suppose -q = -21 + 16. Suppose g = -3*g - 288. Calculate the remainder when 50/(-15)*g/10 is divided by q.
4
Let n = -922 + 945. Calculate the remainder when n is divided by 22.
1
Let x(u) = u**2 + 11*u + 11. Let p(q) = 2*q**2 + 22*q + 23. Let z(r) = -3*p(r) + 5*x(r). Calculate the remainder when (-1)/4 - 309/(-4) is divided by z(-6).
13
What is the remainder when 6*((-53119)/(-33))/11 is divided by 49?
45
Let x = 615 - 544. What is the remainder when x is divided by 6?
5
Suppose 5*b = -l - 46 + 112, l = 4*b + 21. Let u be 0 - 0 - (-1 - -1). Suppose u = p + p - 22. Calculate the remainder when l is divided by p.
8
Let q be 7/(14/60)*1. Suppose 4*t - q = -t. Suppose -136 = 2*j - t*j. What is the remainder when j is divided by 12?
10
Let j = -216 - -142. Let x = j + 157. What is the remainder when x is divided by 22?
17
Let n = 23 + -18. Suppose -p = n*p - 66. What is the remainder when 29 is divided by p?
7
Suppose 0 = 5*n + 4*x - 328, 5*x + 196 = 3*n + 7*x. Calculate the remainder when n is divided by 32.
0
Suppose 0 = 5*c + 2*s - 2555, -23*s = -3*c - 28*s + 1552. Calculate the remainder when c is divided by 85.
84
Let z(y) be the first derivative of y**4/4 - 8*y**3/3 + 3*y**2/2 + 4*y - 9. Let b be z(7). Let w = -14 - b. Calculate the remainder when 37 is divided by w.
7
Suppose -q - 4*q + 115 = 0. Calculate the remainder when 218/5 - (-9)/(270/12) is divided by q.
21
Suppose 6*w - 228 = 2*w. Let r = 8 + w. What is the remainder when r is divided by 35?
30
Suppose 16*d - 7602 = -5*d. What is the remainder when d is divided by 122?
118
Suppose 54*x = 185 + 1111. What is the remainder when 358 is divided by x?
22
Let h = 16 - 27. Let l = h + 15. Suppose 2*i - 86 = l*v, 0 = -5*i - v - v + 155. What is the remainder when 129 is divided by i?
30
Let o = 355 + -228. Calculate the remainder when o is divided by 26.
23
Suppose 2*i - 25 = 17. Suppose 6*j - 3*j - i = 0. What is the remainder when 47 is divided by j?
5
Let y = 14 + 6. Suppose 5*i = -2*w + 2, 4*w = w + i + y. Suppose -4*b + 2 = w*p - p, -8 = -2*b + p. What is the remainder when 11 is divided by b?
2
Suppose 708 = 202*q - 196*q. What is the remainder when q is divided by 24?
22
Let y = 128 + -138. Calculate the remainder when 105 - 3/6*y is divided by 38.
34
Suppose 4*i = -23 + 67. Calculate the remainder when 68 is divided by i.
2
Let s = -7 + 11. Suppose f - 4*f + c = -41, 73 = 5*f - s*c. Suppose -56 = m - 9*m. Calculate the remainder when f is divided by m.
6
Suppose -x + 2*x + 4*l + 13 = 0, 4*x = -3*l + 13. Suppose -2*i - 3*m = -4*i - 12, i + x = 2*m. What is the remainder when (-10)/((2/i)/1) is divided by 6?
3
Suppose 98*f = 101*f - 69. What is the remainder when 963 is divided by f?
20
Let k(g) = -4*g + 10. What is the remainder when k(-15) is divided by 8?
6
Calculate the remainder when 120 is divided by 187/6 - 9/54.
27
Let o be ((4 + -3)*-1)/1. Let y = o + 5. Let q(z) = 4*z**2 + 3*z - 10. Calculate the remainder when q(y) is divided by 23.
20
Let j(u) = -2*u**3 - 3*u**2 + 2*u + 4. Let l be j(-2). Suppose -p - 77 = -l*a, -p = -3*a + 45 + 14. Calculate the remainder when 53 is divided by a.
17
Let f = 44 + -34. Let b = 14 + f. Calculate the remainder when b is divided by 10.
4
Suppose -4*j + b + 55 = -187, -2*j + 118 = b. Suppose -j = -58*a + 54*a. What is the remainder when 41 - 4/(-2) - 0 is divided by a?
13
Let c be 69 + 2 + (0/(-4))/(-3). Suppose 53 = -d + c. What is the remainder when d is divided by 7?
4
Calculate the remainder when 535 is divided by 65/(-39) + 1239/9.
127
Suppose 4*a - 15 = 1. Let z = -87 - -93. What is the remainder when z is divided by a?
2
Suppose 8*x - 4*x = 12. What is the remainder when x/(-3*(-2)/16) is divided by 5?
3
Let v(y) = -y**2 - 2*y + 45. Let f(t) = 5*t**2 - 2*t + 3. What is the remainder when f(2) is divided by v(-7)?
9
Let i = 411 - 388. Calculate the remainder when 102 is divided by i.
10
Let k be 5 + 121 + -1 + 4. Let z = -75 + k. What is the remainder when z is divided by 19?
16
Let p = -2364 - -2409. Calculate the remainder when 577 is divided by p.
37
Suppose 5*t = 4*t + 3. Suppose -10*x = -4*g - 14*x + 52, -5*g + 5*x + 45 = 0. What is the remainder when g is divided by t?
2
What is the remainder when 7/(175/10) - (-84)/15 is divided by 4?
2
Suppose -29*l + 899 = 145. What is the remainder when 1245 is divided by l?
23
Suppose 6*o - 28*o + 1892 = 0. What is the remainder when o is divided by 45?
41
Let h = 5120 - 3489. Calculate the remainder when h is divided by 24.
23
Suppose -244*h - 4842 = -262*h. What is the remainder when h is divided by 45?
44
Suppose -75 = 13*n - 16*n. Let h = -266 + 471. Suppose 4*y + 4*m - h + 21 = 0, y - 4*m - 61 = 0. Calculate the remainder when y is divided by n.
24
Let p(z) = 19*z + 102. What is the remainder when p(10) is divided by 11?
6
Suppose -12 = i - 4*i. Let k(c) = 32*c**2 + c - 3. Let y be k(1). Suppos